ate the remainder when 167 is divided by r.
6
Let a be (1/2)/(1/(-24)). Suppose -d - 29 = -2*d. What is the remainder when d is divided by (-1)/(-3) - 92/a?
5
Suppose 0 = -8*q - 38 - 18. What is the remainder when 1*415/(-2 - q) is divided by 21?
20
Let p = -65 + 65. Suppose -11*v + 3*v + 416 = p. Calculate the remainder when v is divided by 29.
23
Calculate the remainder when (222 - 1) + 3/12*-8 is divided by 4.
3
Let r(c) = 3*c - 33. Calculate the remainder when 133 is divided by r(20).
25
Suppose 15*h = -6893 + 7028. Let l = 7 + 6. Calculate the remainder when l is divided by h.
4
Let z = 936 + -490. Calculate the remainder when 33 is divided by 60/(-390) + (z/26 - 1).
1
Let z(f) = f**2 - 5*f + 10. Let t = 77 - 63. Calculate the remainder when z(7) is divided by t.
10
Let u = 11 - 8. Suppose -4*b + u*h + 56 = 0, -3*h - 45 = -3*b - 0*b. Let k = 5 + -1. Calculate the remainder when b is divided by k.
3
Suppose -8*u - 100 = -9*u + 5*x, 6 = -3*x. What is the remainder when 2517 is divided by u?
87
Let a(f) = -f**3 - 12*f**2 - 7*f - 20. Let z be a(-11). Let g = -31 - z. Calculate the remainder when g is divided by 17.
16
Let k be (6 - (-9)/(-3)) + 2. Suppose -13*z + 96 = -k*z. What is the remainder when 81 is divided by z?
9
Suppose -4*s + 0*s - 20 = 0, 2*s = -2*m + 52. What is the remainder when 122 is divided by m?
29
Suppose -4*d + 756 = 5*u - 0*u, -5*u + 759 = d. Suppose 3*n + n + l - 37 = 0, 5*l + 40 = 5*n. Calculate the remainder when u is divided by n.
8
Suppose 0 = u - 2*s - 20, -4*u + s = -16 - 29. Let w(l) = l + 23. Calculate the remainder when w(-5) is divided by u.
8
Let b = -183 - -221. Calculate the remainder when b is divided by 18.
2
Let d(n) = n**3 + 8*n**2 - 10*n + 5. Calculate the remainder when d(-8) is divided by ((-41)/2 + -2)*80/(-100).
13
Let v be -17 + 16 + 1 + 169. Suppose 3*c + 5*o - 4*o = v, 3*o = -3*c + 177. What is the remainder when c is divided by 28?
27
Let k = 1114 - 1109. Calculate the remainder when 263 is divided by k.
3
Let r = -31 - -35. Suppose -5*y + 3*u = -167 + 55, -4*u + r = 0. Calculate the remainder when y is divided by 13.
10
Let g be (2/4)/(1/156). Suppose i + w + 40 = 3*i, -3*w = 3*i - g. What is the remainder when 125/3 - (-2)/(-3) is divided by i?
19
Let g = 1108 + -243. What is the remainder when g is divided by 62?
59
Suppose -3*m = 9*m - 12. Let i(j) = -52*j - 1. Let r(z) = z. Let a(w) = -i(w) - r(w). Calculate the remainder when a(m) is divided by 27.
25
Let w(y) = 17*y + 89. Let m(v) = v**3 + 5*v**2 + v + 1. What is the remainder when m(4) is divided by w(-3)?
35
Suppose p - 17 = -0. Let x = 26 + -18. Calculate the remainder when p is divided by x.
1
Let y(a) = 20*a. Suppose 5 = 3*f + 2. Let q = f + 1. What is the remainder when y(q) is divided by 21?
19
Suppose 2173 = 5*u + 1848. What is the remainder when 126 is divided by u?
61
Calculate the remainder when 2 + 6*276/8 is divided by 10.
9
Suppose -168 = -3*u + 3*x, 2*u - 3*x - 102 = x. Let q = 8 + -4. Suppose 3*h = -q*l + 127, -5*l = 4*h - 204 + 45. What is the remainder when u is divided by l?
30
Suppose 5*m + 4*p - 41 = 0, 4*m - 57 + 23 = -2*p. Suppose 2*y + m = r - 18, -5*r + 170 = -3*y. What is the remainder when r is divided by 10?
7
Let g(n) = n**3 + 4*n**2 + 2*n + 23. Calculate the remainder when 28 is divided by g(0).
5
Let g(q) = q**3 + 19*q**2 + 17*q. Let l be g(-18). Let p be (42/l)/(2/12). Calculate the remainder when 18 is divided by (p - 3)/(1 - 0).
7
Suppose 2*u + 28 - 56 = 0. Calculate the remainder when 111 is divided by u.
13
What is the remainder when 573 is divided by (30/1)/10 + 79 + 0?
81
Let w be 210/(6/3) - (0 - 0). Let v = w - 73. What is the remainder when 93 is divided by v?
29
Let f = -130 - -145. Calculate the remainder when 224 is divided by f.
14
Let w = 443 - 239. Calculate the remainder when w is divided by 55.
39
Suppose 0 = 4*q - 8 - 12. Let x be -8 + q - (-4 - -1). Suppose x = -3*o, 5*o - 20 = -3*y + 7. What is the remainder when y is divided by 6?
3
Suppose 4*u = -2*o + 44, 3*o - 82 = -0*o + 2*u. Suppose -g = -m - 0*g + 4, 0 = 3*m + 2*g - 27. Calculate the remainder when o is divided by m.
5
Calculate the remainder when 41 is divided by (-2)/8 - (-5)/(-20)*-37.
5
Suppose 25 = 4*y + 5. Suppose 0 = 5*s - d - d - 69, -29 = -3*s - y*d. Calculate the remainder when s is divided by (-1)/(-2) - 27/(-6).
3
Suppose 20*b - 2157 = 13423. Calculate the remainder when b is divided by 30.
29
Let o = -52 - -74. Let p = o - 17. Let i(c) = -4*c - 6. Calculate the remainder when i(-6) is divided by p.
3
Let y = -5 + 7. Let k be (-1)/y - (-1)/(-2). Let t(o) = 3*o**2 + o. What is the remainder when t(k) is divided by 2?
0
Suppose 0 = -4*y + 4, -2*p + 0*p + 4*y - 154 = 0. Let b = p + 109. What is the remainder when b is divided by 18?
16
Suppose 4 = -4*j + 8. Let h = 10 - j. Calculate the remainder when 50 is divided by (-2)/h + 595/45.
11
Let i(c) = 480*c**2 + 41 - 15 - 479*c**2. Calculate the remainder when i(0) is divided by 14.
12
Let l = 286 + -262. Calculate the remainder when l is divided by 10.
4
Let c = -741 + 759. Let d = -4 - -6. Calculate the remainder when c is divided by 18/d - -2 - 0.
7
Suppose -5*k - 1 = 2*g - 11, -g = 5*k. What is the remainder when 3 is divided by (-18)/15*(-25)/g?
0
Let l = 185 - 168. What is the remainder when 39 is divided by l?
5
Suppose 0*j = -j + 154. Let x = 94 + -55. Calculate the remainder when j is divided by x.
37
Let b(a) = 2*a**2 - 65*a + 73. What is the remainder when b(34) is divided by 22?
21
Suppose 2 = 2*b + 34. Let a(f) = -f**3 - 16*f**2 - 2*f - 21. What is the remainder when 42 is divided by a(b)?
9
Let m(u) = -u**2 - 9*u - 6. Let w be m(-8). Suppose w*h = 2*b - 22, -b + 0*b + 3*h + 19 = 0. What is the remainder when 34 is divided by b?
6
Let p = 1245 + -1243. What is the remainder when 134 is divided by p?
0
Suppose -i = -0*i - 78. What is the remainder when i is divided by 44?
34
Let n = -41 - -52. Suppose 0 = -3*u - 2 + n. Calculate the remainder when 3 is divided by u.
0
Let y(a) = -a**3 + 1. Let l(u) = 4*u**3 + 8*u**2 + 13*u + 6. Let i(w) = l(w) + 3*y(w). Calculate the remainder when 31 is divided by i(-4).
10
Let y be 1/2 + 78/12. Let c(i) = -i + 6. Let n be c(y). What is the remainder when 28 is divided by (1/3)/(n/(-18))?
4
Let g = -558 - -740. What is the remainder when g is divided by 27?
20
Suppose 0 = 5*s + 5*v - 10, 0 = 3*s - 4*v - v - 46. Suppose 4*n - s*n + o = -65, 2*n - 2*o = 50. What is the remainder when n is divided by 7?
6
Let v = -50 - 72. Let m = v - -169. Suppose 4*q = 5*q - 2, -n = -3*q - 1. Calculate the remainder when m is divided by n.
5
Suppose k + 2*d + 28 = 3*d, 0 = -4*k + 2*d - 108. Let g = 29 + k. Suppose -g*f = 7 - 10. Calculate the remainder when 1 is divided by f.
0
Suppose 68*p - 29089 = -1549. Calculate the remainder when p is divided by 53.
34
Suppose 37*n - 557 = -39. Calculate the remainder when 153 is divided by n.
13
Let t be 243/12 + 2 - 1/4. What is the remainder when 13 is divided by 79*3/33 - 4/t?
6
Suppose -5*x + 36 = -x. Let c = 32 - 30. Suppose 0*j - v + 23 = j, 43 = c*j + 3*v. What is the remainder when j is divided by x?
8
Suppose -9*a = -6*a - 21. Let r(q) = 1 + 7 - 8*q + q**2 + 5. Calculate the remainder when 15 is divided by r(a).
3
Let r = -4 - -8. Let y be (-290)/4 - (-1)/2. Let u = -45 - y. What is the remainder when u is divided by r?
3
What is the remainder when (3/4)/((-11)/(-9372)) is divided by 128?
127
Let m = 1187 - 799. Calculate the remainder when m/6 - 11/(-33) is divided by 33.
32
Let a = 17 + -16. Calculate the remainder when 7 - -6 - 3/a is divided by 8.
2
Let q be 2 + (-1 + -25)/2. What is the remainder when 38 is divided by 2/q - 2220/(-110)?
18
Let w = 37 - 25. Suppose 0 = -5*p + 20, -a - a + 4*p = 4. Suppose 0 = -0*j + 3*j - a, -4*b - 5*j = -94. Calculate the remainder when b is divided by w.
9
Let c(i) = i**2 - 3*i - 1. Let q be c(4). Let b be q - (-2 - -2 - -3). Suppose b = v - 2 - 6. What is the remainder when 15 is divided by v?
7
Let d(r) = 4*r - 1. Suppose -5*j = 663 - 193. Let c = j + 100. Calculate the remainder when d(5) is divided by c.
1
Suppose 25*m - 11 - 1639 = 0. What is the remainder when m is divided by 12?
6
Suppose -12*w + 16*w = 5*b - 56, -12 = -3*b - 3*w. What is the re